{"id":29,"date":"2025-06-14T14:03:27","date_gmt":"2025-06-14T12:03:27","guid":{"rendered":"https:\/\/cetaillandier.fr\/www\/?page_id=29"},"modified":"2025-11-27T20:57:38","modified_gmt":"2025-11-27T19:57:38","slug":"bienvenue","status":"publish","type":"page","link":"https:\/\/cetaillandier.fr\/www\/","title":{"rendered":"BIENVENU&#8230;"},"content":{"rendered":"\n<div class=\"wp-block-group is-content-justification-center is-nowrap is-layout-flex wp-container-core-group-is-layout-23441af8 wp-block-group-is-layout-flex\">\n<p class=\"has-text-align-center has-luminous-vivid-amber-background-color has-background has-x-large-font-size wp-container-content-9cfa9a5a\" style=\"border-style:none;border-width:0px;border-radius:1px\">CORPS &#8211; ESPRIT<\/p>\n<\/div>\n\n\n\n<div style=\"margin-bottom:12;height:8px\" aria-hidden=\"true\" class=\"wp-block-spacer\"><\/div>\n\n\n\n<hr class=\"wp-block-separator has-text-color has-vivid-green-cyan-color has-alpha-channel-opacity has-vivid-green-cyan-background-color has-background is-style-wide\" style=\"margin-top:10px;margin-bottom:10px\"\/>\n\n\n\n<div class=\"wp-block-group is-content-justification-center is-nowrap is-layout-flex wp-container-core-group-is-layout-23441af8 wp-block-group-is-layout-flex\">\n<div style=\"height:100px;width:0px\" aria-hidden=\"true\" class=\"wp-block-spacer wp-container-content-9760934e\"><\/div>\n\n\n\n<figure class=\"wp-block-image size-full has-custom-border is-style-rounded wp-duotone-unset-1\"><img loading=\"lazy\" decoding=\"async\" width=\"300\" height=\"449\" src=\"https:\/\/cetaillandier.fr\/www\/wp-content\/uploads\/2025\/11\/Nicole-Taillandiert.jpg\" alt=\"\" class=\"wp-image-431\" style=\"border-top-style:none;border-top-width:0px;border-right-color:var(--wp--preset--color--vivid-green-cyan);border-right-width:5px;border-bottom-color:var(--wp--preset--color--vivid-green-cyan);border-bottom-width:5px;border-left-style:none;border-left-width:0px\" srcset=\"https:\/\/cetaillandier.fr\/www\/wp-content\/uploads\/2025\/11\/Nicole-Taillandiert.jpg 300w, https:\/\/cetaillandier.fr\/www\/wp-content\/uploads\/2025\/11\/Nicole-Taillandiert-200x300.jpg 200w\" sizes=\"auto, (max-width: 300px) 100vw, 300px\" \/><\/figure>\n\n\n\n<div style=\"margin-top:3;margin-bottom:3\" aria-hidden=\"true\" class=\"wp-block-spacer\"><\/div>\n\n\n\n<p class=\"has-text-align-center has-black-color has-luminous-vivid-amber-background-color has-text-color has-background has-link-color has-medium-font-size wp-elements-aeced7cd5407423924e3f6ab27c69ae7\" style=\"border-bottom-color:var(--wp--preset--color--vivid-green-cyan);border-bottom-width:5px\">Lib\u00e9rer la vie <br>en soi<\/p>\n\n\n\n<p class=\"has-text-align-center has-black-color has-luminous-vivid-amber-background-color has-text-color has-background has-link-color has-medium-font-size wp-elements-598c31f21e056d29885d2dab397293a7 wp-container-content-9cfa9a5a\" style=\"border-top-style:none;border-top-width:0px;border-right-color:var(--wp--preset--color--vivid-green-cyan);border-right-width:5px;border-bottom-color:var(--wp--preset--color--vivid-green-cyan);border-bottom-width:5px;border-left-style:none;border-left-width:0px;writing-mode:horizontal-tb\">Vivre en conscience <br>dans <br>la fluidit\u00e9 et la tonicit\u00e9<\/p>\n<\/div>\n\n\n\n<p style=\"border-radius:5px\"><\/p>\n\n\n\n<p><\/p>\n","protected":false},"excerpt":{"rendered":"<p>CORPS &#8211; ESPRIT Lib\u00e9rer la vie en soi Vivre en conscience dans la fluidit\u00e9 et la tonicit\u00e9<\/p>\n","protected":false},"author":1,"featured_media":0,"parent":0,"menu_order":0,"comment_status":"closed","ping_status":"closed","template":"","meta":{"footnotes":""},"class_list":["post-29","page","type-page","status-publish","hentry"],"_links":{"self":[{"href":"https:\/\/cetaillandier.fr\/www\/wp-json\/wp\/v2\/pages\/29","targetHints":{"allow":["GET"]}}],"collection":[{"href":"https:\/\/cetaillandier.fr\/www\/wp-json\/wp\/v2\/pages"}],"about":[{"href":"https:\/\/cetaillandier.fr\/www\/wp-json\/wp\/v2\/types\/page"}],"author":[{"embeddable":true,"href":"https:\/\/cetaillandier.fr\/www\/wp-json\/wp\/v2\/users\/1"}],"replies":[{"embeddable":true,"href":"https:\/\/cetaillandier.fr\/www\/wp-json\/wp\/v2\/comments?post=29"}],"version-history":[{"count":77,"href":"https:\/\/cetaillandier.fr\/www\/wp-json\/wp\/v2\/pages\/29\/revisions"}],"predecessor-version":[{"id":434,"href":"https:\/\/cetaillandier.fr\/www\/wp-json\/wp\/v2\/pages\/29\/revisions\/434"}],"wp:attachment":[{"href":"https:\/\/cetaillandier.fr\/www\/wp-json\/wp\/v2\/media?parent=29"}],"curies":[{"name":"wp","href":"https:\/\/api.w.org\/{rel}","templated":true}]}}